{"id":796,"date":"2022-01-20T12:41:56","date_gmt":"2022-01-20T11:41:56","guid":{"rendered":"https:\/\/laboretxingudi.eus\/km0\/"},"modified":"2022-01-20T12:47:49","modified_gmt":"2022-01-20T11:47:49","slug":"km0","status":"publish","type":"page","link":"https:\/\/laboretxingudi.eus\/es\/km0\/","title":{"rendered":"Km0"},"content":{"rendered":"<p>[et_pb_section fb_built=\u00bb1&#8243; _builder_version=\u00bb4.0.6&#8243; background_enable_color=\u00bboff\u00bb custom_padding=\u00bb39px|||||\u00bb locked=\u00bboff\u00bb][et_pb_row column_structure=\u00bb3_5,2_5&#8243; _builder_version=\u00bb4.0.6&#8243;][et_pb_column type=\u00bb3_5&#8243; _builder_version=\u00bb4.0.6&#8243;][et_pb_text _builder_version=\u00bb4.9.2&#8243; min_height=\u00bb47px\u00bb custom_padding=\u00bb||15px||false|false\u00bb hover_enabled=\u00bb0&#8243; sticky_enabled=\u00bb0&#8243;]<\/p>\n<h1>Bidasoa Km 0<\/h1>\n<p>[\/et_pb_text][et_pb_text _builder_version=\u00bb4.9.2&#8243; text_text_color=\u00bb#000000&#8243; text_font_size=\u00bb17px\u00bb header_font=\u00bb|700|||||||\u00bb header_text_color=\u00bb#000000&#8243; header_font_size=\u00bb36px\u00bb background_color=\u00bb#c0d36b\u00bb text_orientation=\u00bbjustified\u00bb custom_margin=\u00bb-35px||||false|false\u00bb custom_padding=\u00bb30px|25px|30px|25px|false|false\u00bb hover_enabled=\u00bb0&#8243; sticky_enabled=\u00bb0&#8243;]<\/p>\n<h1 class=\"western\" style=\"margin-top: 0cm; margin-bottom: 0cm; line-height: 100%;\" align=\"justify\"><span style=\"font-family: Liberation Sans;\"><span style=\"font-size: x-large;\">BIDASOALDEA TAMBI\u00c9N A FAVOR DE LA #SOBERAN\u00cdAALIMENTARIA<\/span><\/span><\/h1>\n<p align=\"justify\">Hoy en d\u00eda, y ahora m\u00e1s que nunca, es importante cuidar tanto de la salud colectiva como individual, potenciar las redes m\u00e1s cercanas y dar pasos en la soberan\u00eda alimentaria, puesto que, tal y como la situaci\u00f3n actual ha evidenciado, la alimentaci\u00f3n es esencial.<\/p>\n<p align=\"justify\">Entre las medidas tomadas por las instituciones ante la crisis del Covid-19, se encuentra el cierre de bares, comercios y de cualquier espacio de encuentro, excepto las tiendas de comida, farmacias y tiendas de abastecimiento de otros productos elementales.<\/p>\n<p align=\"justify\">Ante esta situaci\u00f3n sin precedentes hay que tomar decisiones r\u00e1pidamente. Los Ayuntamientos, al cerrar los edificios p\u00fablicos, han cerrado en muchos casos los mercados, sin tener en cuenta sus caracter\u00edsticas espec\u00edficas, ni valorando el impacto negativo que esto pueda acarrear en el ya d\u00e9bil primer sector.<\/p>\n<p align=\"justify\">Esto tiene un gran impacto en las-os baserritarras y las-os peque\u00f1os productores. Para hacer frente a esta situaci\u00f3n se est\u00e1n organizando diferentes iniciativas en Euskal Herria poniendo en marcha canales de distribuci\u00f3n de producto local o creando plataformas de compra online.<\/p>\n<p align=\"justify\">En la comarca del Bidasoa tambi\u00e9n se sigue trabajando por la soberan\u00eda alimentaria:<\/p>\n<ul>\n<li>\n<p style=\"margin-bottom: 0cm;\">Diferentes productores han montado puntos de venta alternativos para asegurar la venta directa y el abastecimiento, como por ejemplo en la Agroaldea de Hondarribia.<\/p>\n<\/li>\n<li>\n<p style=\"margin-bottom: 0cm;\">Las huertas cooperativas como Aldatsa baratza siguen adelante con los repartos de cestas de verdura local y de temporada;<\/p>\n<\/li>\n<li>\n<p style=\"margin-bottom: 0cm;\">La asociaci\u00f3n de consumidores Labore Txingudi mantiene abierta la tienda para abastecer de productos locales y ecol\u00f3gicos y asegurar la venta de los productos de baserritarras y peque\u00f1as-os productores;<\/p>\n<\/li>\n<li>\n<p>Las\/os baserritarras del mercado de Hondarribia est\u00e1n intentando que se reabr\u00e1 el mercado adoptando las medidas de seguridad e higiene necesarias.<\/p>\n<\/li>\n<\/ul>\n<p align=\"justify\">Por la salud y el bienestar de todas-os, queremos hacer una llamamiento a la sociedad y a las instituciones p\u00fablicas para apoyar y promocionar el trabajo que est\u00e1n realizando nuestras-os baserritarras.<\/p>\n<p>&nbsp;<\/p>\n<p align=\"justify\">Queremos mostrar tambi\u00e9n nuestra disponibilidad a trabajar en este sentido.<\/p>\n<p>&nbsp;<\/p>\n<p align=\"justify\"><strong>Irun, 1 de abril de 2020<\/strong><\/p>\n<p align=\"justify\"><em>Miembros de la iniciativa Bidasoa KM0<\/em><\/p>\n<p>[\/et_pb_text][et_pb_text _builder_version=\u00bb4.9.2&#8243; custom_padding=\u00bb||15px||false|false\u00bb hover_enabled=\u00bb0&#8243; sticky_enabled=\u00bb0&#8243;]<\/p>\n<div id=\"primary\" class=\"content-area\">\n<p>&nbsp;<\/p>\n<article id=\"post-126\" class=\"post-126 page type-page status-publish has-post-thumbnail hentry tag-batzarra tag-bazkidetza tag-ekologia tag-elkartea tag-kontsumoa tag-labore tag-tokikoa\">\n<div class=\"entry-content\">\n<p align=\"justify\"><strong>Bidasoa Km0<\/strong> es un proyecto creado con el objetivo de <strong>fomentar el<\/strong> <strong>producto local y la agricultura<\/strong>. Se ha buscado vincular al proyecto a los actores agrarios de la comarca para crear una plataforma s\u00f3lida y sostenible. Asimismo, se ha trabajado en la integraci\u00f3n con otras experiencias tanto de Gipuzkoa como de otros territorios cercanos.<\/p>\n<p>Dado que el consumidor final de estos productos es la sociedad, la comunicaci\u00f3n y sensibilizaci\u00f3n tienen especial relevancia en el proyecto.<\/p>\n<p>El objetivo a medio plazo es dise\u00f1ar y facilitar un sistema de abastecimiento de productos locales a los comedores colectivos de la comarca.<\/p>\n<p>La cooperativa Labore Txingudi,\u00a0 Hiritik At y Aldatsa Baratza , promotoras del proyecto, ha puesto en marcha en 2018 el proyecto Bidasoa Km0, gracias a las subvenciones para el Desarrollo Rural del Gobierno Vasco.<\/p>\n<\/div>\n<\/article>\n<\/div>\n<p>[\/et_pb_text][et_pb_image src=\u00bbhttps:\/\/laboretxingudi.eus\/wp-content\/uploads\/2020\/02\/BIDASOAKm0.jpg\u00bb _builder_version=\u00bb4.3.4&#8243;][\/et_pb_image][\/et_pb_column][et_pb_column type=\u00bb2_5&#8243; _builder_version=\u00bb4.0.6&#8243;][et_pb_sidebar _builder_version=\u00bb4.3.4&#8243; background_color=\u00bb#e9ebea\u00bb custom_margin=\u00bb|||5px|false|false\u00bb custom_padding=\u00bb25px|||28px|false|false\u00bb][\/et_pb_sidebar][\/et_pb_column][\/et_pb_row][et_pb_row column_structure=\u00bb1_3,1_3,1_3&#8243; _builder_version=\u00bb4.3.4&#8243;][et_pb_column type=\u00bb1_3&#8243; _builder_version=\u00bb4.3.4&#8243;][et_pb_image src=\u00bbhttps:\/\/laboretxingudi.eus\/wp-content\/uploads\/2020\/02\/Km0.png\u00bb _builder_version=\u00bb4.3.4&#8243;][\/et_pb_image][\/et_pb_column][et_pb_column type=\u00bb1_3&#8243; _builder_version=\u00bb4.3.4&#8243;][et_pb_image src=\u00bbhttps:\/\/laboretxingudi.eus\/wp-content\/uploads\/2020\/02\/EU.png\u00bb _builder_version=\u00bb4.3.4&#8243;][\/et_pb_image][\/et_pb_column][et_pb_column type=\u00bb1_3&#8243; _builder_version=\u00bb4.3.4&#8243;][et_pb_image src=\u00bbhttps:\/\/laboretxingudi.eus\/wp-content\/uploads\/2020\/02\/EJGV.png\u00bb _builder_version=\u00bb4.3.4&#8243;][\/et_pb_image][\/et_pb_column][\/et_pb_row][\/et_pb_section]<\/p>\n","protected":false},"excerpt":{"rendered":"<p>Bidasoa Km 0BIDASOALDEA TAMBI\u00c9N A FAVOR DE LA #SOBERAN\u00cdAALIMENTARIA Hoy en d\u00eda, y ahora m\u00e1s que nunca, es importante cuidar tanto de la salud colectiva como individual, potenciar las redes m\u00e1s cercanas y dar pasos en la soberan\u00eda alimentaria, puesto que, tal y como la situaci\u00f3n actual ha evidenciado, la alimentaci\u00f3n es esencial. Entre las [&hellip;]<\/p>\n","protected":false},"author":1,"featured_media":0,"parent":0,"menu_order":0,"comment_status":"closed","ping_status":"closed","template":"","meta":{"_et_pb_use_builder":"on","_et_pb_old_content":"","_et_gb_content_width":"","footnotes":""},"class_list":["post-796","page","type-page","status-publish","hentry"],"_links":{"self":[{"href":"https:\/\/laboretxingudi.eus\/es\/wp-json\/wp\/v2\/pages\/796","targetHints":{"allow":["GET"]}}],"collection":[{"href":"https:\/\/laboretxingudi.eus\/es\/wp-json\/wp\/v2\/pages"}],"about":[{"href":"https:\/\/laboretxingudi.eus\/es\/wp-json\/wp\/v2\/types\/page"}],"author":[{"embeddable":true,"href":"https:\/\/laboretxingudi.eus\/es\/wp-json\/wp\/v2\/users\/1"}],"replies":[{"embeddable":true,"href":"https:\/\/laboretxingudi.eus\/es\/wp-json\/wp\/v2\/comments?post=796"}],"version-history":[{"count":3,"href":"https:\/\/laboretxingudi.eus\/es\/wp-json\/wp\/v2\/pages\/796\/revisions"}],"predecessor-version":[{"id":800,"href":"https:\/\/laboretxingudi.eus\/es\/wp-json\/wp\/v2\/pages\/796\/revisions\/800"}],"wp:attachment":[{"href":"https:\/\/laboretxingudi.eus\/es\/wp-json\/wp\/v2\/media?parent=796"}],"curies":[{"name":"wp","href":"https:\/\/api.w.org\/{rel}","templated":true}]}}

<p>[et_pb_section fb_built=»1&#8243; _builder_version=»4.0.6&#8243; background_enable_color=»off» custom_padding=»39px|||||» locked=»off»][et_pb_row column_structure=»3_5,2_5&#8243; _builder_version=»4.0.6&#8243;][et_pb_column type=»3_5&#8243; _builder_version=»4.0.6&#8243;][et_pb_text _builder_version=»4.9.2&#8243; min_height=»47px» custom_padding=»||15px||false|false» hover_enabled=»0&#8243; sticky_enabled=»0&#8243;]</p>
<h1>Bidasoa Km 0</h1>
<p>[/et_pb_text][et_pb_text _builder_version=»4.9.2&#8243; text_text_color=»#000000&#8243; text_font_size=»17px» header_font=»|700|||||||» header_text_color=»#000000&#8243; header_font_size=»36px» background_color=»#c0d36b» text_orientation=»justified» custom_margin=»-35px||||false|false» custom_padding=»30px|25px|30px|25px|false|false» hover_enabled=»0&#8243; sticky_enabled=»0&#8243;]</p>
<h1 class="western" style="margin-top: 0cm; margin-bottom: 0cm; line-height: 100%;" align="justify"><span style="font-family: Liberation Sans;"><span style="font-size: x-large;">BIDASOALDEA TAMBIÉN A FAVOR DE LA #SOBERANÍAALIMENTARIA</span></span></h1>
<p align="justify">Hoy en día, y ahora más que nunca, es importante cuidar tanto de la salud colectiva como individual, potenciar las redes más cercanas y dar pasos en la soberanía alimentaria, puesto que, tal y como la situación actual ha evidenciado, la alimentación es esencial.</p>
<p align="justify">Entre las medidas tomadas por las instituciones ante la crisis del Covid-19, se encuentra el cierre de bares, comercios y de cualquier espacio de encuentro, excepto las tiendas de comida, farmacias y tiendas de abastecimiento de otros productos elementales.</p>
<p align="justify">Ante esta situación sin precedentes hay que tomar decisiones rápidamente. Los Ayuntamientos, al cerrar los edificios públicos, han cerrado en muchos casos los mercados, sin tener en cuenta sus características específicas, ni valorando el impacto negativo que esto pueda acarrear en el ya débil primer sector.</p>
<p align="justify">Esto tiene un gran impacto en las-os baserritarras y las-os pequeños productores. Para hacer frente a esta situación se están organizando diferentes iniciativas en Euskal Herria poniendo en marcha canales de distribución de producto local o creando plataformas de compra online.</p>
<p align="justify">En la comarca del Bidasoa también se sigue trabajando por la soberanía alimentaria:</p>
<ul>
<li>
<p style="margin-bottom: 0cm;">Diferentes productores han montado puntos de venta alternativos para asegurar la venta directa y el abastecimiento, como por ejemplo en la Agroaldea de Hondarribia.</p>
</li>
<li>
<p style="margin-bottom: 0cm;">Las huertas cooperativas como Aldatsa baratza siguen adelante con los repartos de cestas de verdura local y de temporada;</p>
</li>
<li>
<p style="margin-bottom: 0cm;">La asociación de consumidores Labore Txingudi mantiene abierta la tienda para abastecer de productos locales y ecológicos y asegurar la venta de los productos de baserritarras y pequeñas-os productores;</p>
</li>
<li>
<p>Las/os baserritarras del mercado de Hondarribia están intentando que se reabrá el mercado adoptando las medidas de seguridad e higiene necesarias.</p>
</li>
</ul>
<p align="justify">Por la salud y el bienestar de todas-os, queremos hacer una llamamiento a la sociedad y a las instituciones públicas para apoyar y promocionar el trabajo que están realizando nuestras-os baserritarras.</p>
<p>&nbsp;</p>
<p align="justify">Queremos mostrar también nuestra disponibilidad a trabajar en este sentido.</p>
<p>&nbsp;</p>
<p align="justify"><strong>Irun, 1 de abril de 2020</strong></p>
<p align="justify"><em>Miembros de la iniciativa Bidasoa KM0</em></p>
<p>[/et_pb_text][et_pb_text _builder_version=»4.9.2&#8243; custom_padding=»||15px||false|false» hover_enabled=»0&#8243; sticky_enabled=»0&#8243;]</p>
<div id="primary" class="content-area">
<p>&nbsp;</p>
<article id="post-126" class="post-126 page type-page status-publish has-post-thumbnail hentry tag-batzarra tag-bazkidetza tag-ekologia tag-elkartea tag-kontsumoa tag-labore tag-tokikoa">
<div class="entry-content">
<p align="justify"><strong>Bidasoa Km0</strong> es un proyecto creado con el objetivo de <strong>fomentar el</strong> <strong>producto local y la agricultura</strong>. Se ha buscado vincular al proyecto a los actores agrarios de la comarca para crear una plataforma sólida y sostenible. Asimismo, se ha trabajado en la integración con otras experiencias tanto de Gipuzkoa como de otros territorios cercanos.</p>
<p>Dado que el consumidor final de estos productos es la sociedad, la comunicación y sensibilización tienen especial relevancia en el proyecto.</p>
<p>El objetivo a medio plazo es diseñar y facilitar un sistema de abastecimiento de productos locales a los comedores colectivos de la comarca.</p>
<p>La cooperativa Labore Txingudi,  Hiritik At y Aldatsa Baratza , promotoras del proyecto, ha puesto en marcha en 2018 el proyecto Bidasoa Km0, gracias a las subvenciones para el Desarrollo Rural del Gobierno Vasco.</p>
</div>
</article>
</div>
<p>[/et_pb_text][et_pb_image src=»https://laboretxingudi.eus/wp-content/uploads/2020/02/BIDASOAKm0.jpg» _builder_version=»4.3.4&#8243;][/et_pb_image][/et_pb_column][et_pb_column type=»2_5&#8243; _builder_version=»4.0.6&#8243;][et_pb_sidebar _builder_version=»4.3.4&#8243; background_color=»#e9ebea» custom_margin=»|||5px|false|false» custom_padding=»25px|||28px|false|false»][/et_pb_sidebar][/et_pb_column][/et_pb_row][et_pb_row column_structure=»1_3,1_3,1_3&#8243; _builder_version=»4.3.4&#8243;][et_pb_column type=»1_3&#8243; _builder_version=»4.3.4&#8243;][et_pb_image src=»https://laboretxingudi.eus/wp-content/uploads/2020/02/Km0.png» _builder_version=»4.3.4&#8243;][/et_pb_image][/et_pb_column][et_pb_column type=»1_3&#8243; _builder_version=»4.3.4&#8243;][et_pb_image src=»https://laboretxingudi.eus/wp-content/uploads/2020/02/EU.png» _builder_version=»4.3.4&#8243;][/et_pb_image][/et_pb_column][et_pb_column type=»1_3&#8243; _builder_version=»4.3.4&#8243;][et_pb_image src=»https://laboretxingudi.eus/wp-content/uploads/2020/02/EJGV.png» _builder_version=»4.3.4&#8243;][/et_pb_image][/et_pb_column][/et_pb_row][/et_pb_section]</p>

<p>Bidasoa Km 0BIDASOALDEA TAMBIÉN A FAVOR DE LA #SOBERANÍAALIMENTARIA Hoy en día, y ahora más que nunca, es importante cuidar tanto de la salud colectiva como individual, potenciar las redes más cercanas y dar pasos en la soberanía alimentaria, puesto que, tal y como la situación actual ha evidenciado, la alimentación es esencial. Entre las [&hellip;]</p>
